4*b**3 - 4*b. Let x be 12 - ((-1 - 0) + (-5 - -9)). Calculate u(x).
18
Let m(h) be the first derivative of -h**4/2 + 5*h**3 + 13*h**2/2 - 11*h - 80. Let s(w) = w**3 - 7*w**2 - 6*w + 5. Let r(n) = -6*m(n) - 13*s(n). Give r(0).
1
Let m = -71 + 75. Suppose -3*u = 5*w + 49, m*w + 38 = -u + 10. Let g(z) = -3*z + 5. Let c(x) = -4*x + 4. Let k(s) = 4*c(s) - 5*g(s). Calculate k(u).
-1
Let w(k) be the third derivative of k**4/6 + 11*k**3/2 - 3702*k**2. Calculate w(0).
33
Let g(x) = -x**2 + 53*x - 192. Let c = -9668 - -9717. What is g(c)?
4
Let q be 2/(-10) + (12/(-45))/(8/(-156)). Let u(v) = 2*v - 3. Calculate u(q).
7
Let r(v) = v**2 - v + 6. Let m = 452 + -450. Suppose m*d = 5*b - 5, -2*d - 4*b + 4 = -d. Give r(d).
6
Suppose -9*h + 7 = -2*h. Let v(a) = -h - 9*a + 0*a - 7*a + 14*a. Calculate v(5).
-11
Let x(q) be the second derivative of -q**5/20 + 15*q**4/4 + 97*q**3/6 - 143*q**2/2 - 37*q - 111. What is x(47)?
-2
Let v(c) = 21*c + 1017. Let j be v(-48). Let b(u) = -u**3 + 8*u**2 + 4*u + 20. What is b(j)?
-25
Let j(r) = -5*r**2 + 96*r - 22. Let x(z) = -6*z**2 + 115*z - 19. Let t(q) = -5*j(q) + 4*x(q). Calculate t(19).
15
Let i(k) = -k**2 + 9*k + 13. Let o be (-12)/3 - 24/(-4). Suppose 0 = -5*u + 13 + o. Suppose -5*g + 40 = 2*q, -14 = g - u*q - 39. Calculate i(g).
3
Let t(o) = o**2 + 11*o - 86. Let u = -3427 - -3432. Determine t(u).
-6
Suppose -5*v + 3*i = -43, 3*v + 13*i - 10*i - 21 = 0. Let u(z) = -z**3 + 9*z**2 - 7*z - 1. What is u(v)?
7
Let d(w) = 135*w - 248*w + 23 + 109*w. Give d(11).
-21
Let j(d) = d**3 + 22*d**2 + 39*d + 10. Suppose 2497 + 2974 = -203*x + 1411. Determine j(x).
30
Let a(g) = 2*g + 6. Let c = -26 + 13. Let u(q) = 27*q + q**3 - q**2 + 8 + 3*q**2 + 13*q**2. Let y be u(c). Calculate a(y).
-4
Let v(m) = 2*m**2 + 7*m + 2. Let b(h) = -26 - h**3 + 5*h**2 + 15 + 0*h + h. Let p be b(5). What is v(p)?
32
Let x(v) = 27*v - 68 - 13*v + 22 + 17. Give x(3).
13
Let g(c) = -1 - 2*c + c - 9. Suppose 0 = 2354*q - 2381*q - 135. Give g(q).
-5
Suppose -165*d + 333 = -54*d. Let k(h) = 5*h**2 - 3. Calculate k(d).
42
Suppose -3*a + 5*a = 0. Suppose a = b - 4, -2*t - t + 3*b = 3. Let v(f) = -6*f**2 - f + 5*f**2 + t + 2*f**2 - 2*f. Give v(5).
13
Let u(k) be the third derivative of 3*k**4/8 - k**3/6 + k**2. Let o(n) = -n**2 + n + 3. Suppose -6*z = -7*z - 1. Let l be o(z). Determine u(l).
8
Let a(g) = -g**2 + 24*g - 11. Suppose 4*d - 65 = d - 2*p, -p = 2. Let i be a(d). Suppose -18*c + 78 + i = 0. Let r(m) = -3*m - 1. What is r(c)?
-16
Let w(u) = u**3 + 4*u**2 - 7*u - 6. Let b(i) = -i + 6. Let q be b(3). Let d be 4/(-20) - (-52)/10. Let x be (-2)/(17/d - q). Determine w(x).
4
Let n(i) = 2*i**3 - 8*i - 27832 + 55667 - 27830 - i**2 + 0*i - 3*i**2. Give n(4).
37
Let a(r) = -r**3 + 14*r**2 - 22*r - 20. Let x = -2100 - -2112. Give a(x).
4
Let l(o) be the first derivative of -o**2/2 - 8*o + 1657. What is l(10)?
-18
Let w(u) = -u**2 - 3*u + 8. Let d be w(3). Let m be (d/(-4))/5*(0 + -8). Let z(j) = j + 7. What is z(m)?
3
Let v(p) = 3*p**2 - 21*p - 34. Let k be v(9). Suppose -k*w - 8 + 28 = 0. Let l(s) = s**3 - 1. What is l(w)?
0
Let u(c) = -9192*c**2 - 12*c + 4595*c**2 + 4596*c**2 - 58. What is u(-7)?
-23
Let n(q) = 2*q + 4*q - 7*q - 1. Let m be n(5). Let i(r) = -38*r + 7 + 25*r + 14*r. Determine i(m).
1
Let r(y) = -y**2 + 6*y - 7. Let a(t) be the second derivative of t**3 - 15*t**2 + t. Let x = 271 - 265. Let v be a(x). Calculate r(v).
-7
Let t(q) be the second derivative of -55*q + 0 - 1/2*q**2 + 11/6*q**3 - 1/12*q**4. Let f = 22 - 11. Determine t(f).
-1
Let v(m) = -363*m**2 - 96*m**2 + 461*m**2 - 29*m + 97. What is v(6)?
-5
Suppose -r + 18 = -4*t + 29, -4*t + 3*r = -9. Let i(p) = -7*p + 24. What is i(t)?
3
Suppose -2 = -2*u + u - 2*p, 0 = 5*p + 15. Let a(i) = -9*i - 32. Let l(q) = 25*q + 93. Let z(n) = -17*a(n) - 6*l(n). Give z(u).
10
Let q(x) be the second derivative of x**5/20 - x**4/3 + x**3/3 + 2*x**2 + x. Let z be ((-342)/(-133))/((-6)/(-140)). Let s be z/21 + (-3)/(-21). Give q(s).
1
Let b(l) = -l**2 - 16*l - 22. Let r be b(-14). Let v(y) = -r*y**2 + y**3 + 1111 + 0*y**3 - 1107 + 2*y. Let x(g) = g + 2. Let s be x(3). Give v(s).
-11
Let f(u) = -64*u - 6 - 97*u - 69*u + 293*u - 64*u + 3. Suppose 0 = -0*z - z + 4*k + 4, -5*z + k - 18 = 0. Determine f(z).
1
Let b(i) = i + 7. Let p be b(-5). Let w(g) = -g - 4. Let t(f) = -f - 14. Let m(h) = p*w(h) - t(h). What is m(4)?
2
Let g = 2605 + -1693. Let y = -913 + g. Let q(n) = -1. Let w(u) = -6*u**2 - u + 4. Let a(f) = 4*q(f) + w(f). What is a(y)?
-5
Let a(n) be the second derivative of n**4/12 - 7*n**3/6 + n**2/2 - 28*n. Let h = -161 + 167. Determine a(h).
-5
Let v(g) be the first derivative of 3*g**2/2 - 4*g + 1. Let r = -87 - -34. Let c = 56 + r. Give v(c).
5
Let b(p) be the second derivative of p**4/6 + 43*p**3/6 + 11*p**2 + 1515*p. Calculate b(-21).
1
Let y(o) = -4*o + 17. Let c be 374 + ((-4)/2)/(2 - 4). Let s = -368 + c. Give y(s).
-11
Let q(u) = u**3 + 8*u**2 + 13*u - 12. Let p be -3*(52/(-39) + 3). Give q(p).
-2
Let u(w) = -w**2 - 15*w - 72. Let z be u(-8). Let j(q) = q**3 + 15*q**2 - 14*q + 24. Determine j(z).
-8
Let l = -39252 - -39256. Let f(r) = -4*r**2 + 2*r + 24. Determine f(l).
-32
Suppose -453*k + 9*k = 367*k + 4866. Let p(l) = -5 - 4*l**2 + l**3 - 2*l**3 - 2*l**2 - 2*l. Calculate p(k).
7
Suppose 2*k = 5*d + 1, -2*k - 125*d + 122*d + 57 = 0. Let t(a) = a - 36. Calculate t(k).
-18
Let l(n) be the third derivative of n**5/15 - n**4/8 - 3*n**2. Suppose 0 = 451*s - 449*s + 6. Let w be ((-4)/s)/((-8)/(-12)). Determine l(w).
10
Let m(h) = 2*h**2 + 12*h + 1. Suppose 13*w + 282 = 10*w. Let p = -102 - w. What is m(p)?
33
Let h(x) = -19*x**2 - 51*x + 103. Let d(m) = 11*m**2 + 29*m - 51. Let u(r) = -7*d(r) - 4*h(r). Determine u(0).
-55
Let b = -70 + 72. Let y(v) = 6*v - 1151*v**2 + 576*v**b - 3 + 574*v**2. Give y(6).
-3
Let b(n) = n - 12. Let g be 38/3*3 - 0/13. Suppose -4*k = 3*u - 40, 2*u + g - 8 = 3*k. Determine b(k).
-2
Let v(c) be the first derivative of -c**4/2 + 4*c**3/3 - 5*c**2/2 + 3*c - 1397. Give v(2).
-7
Let b(i) = i**2 + 9*i + 20. Let v(q) = q**3 - 14*q**2 + 19*q - 86. Let g be v(13). Calculate b(g).
12
Let w(h) be the third derivative of -h**6/60 - h**5/60 - h**4/24 - 172*h**2 - 6. Determine w(3).
-66
Let p(n) = -n**3 - 8*n**2 - 4*n + 45. Suppose 31*k = 14*k - 102. Give p(k).
-3
Let m(y) = -13*y + 49. Let k be m(-6). Let v = -127 + k. Let w be (2/4 + v)*-16. Let c(i) = i**3 + 8*i**2 + 3*i + 11. Determine c(w).
-13
Suppose -5*m = -2*i + 1 - 7, -2*i - 4*m = -12. Suppose 3*t - i*d - 4 = 0, -4*t - 4*d - 28 = -0*t. Let f(l) = 5*l + 3. Determine f(t).
-7
Let y(u) = 24*u + 12. Suppose -2*r + 3*d + 26 = 0, 3*r - 4*d + 5*d - 6 = 0. Give y(r).
108
Let j(x) = -2*x + 0 + 8*x**2 - 9*x**2 - 12*x**3 - 1 - 1. Let y be j(-1). Suppose -14*o = -y*o + 18. Let z(q) = q**2 + 7*q. What is z(o)?
-6
Let l(c) be the third derivative of c**7/840 + c**6/60 + c**5/20 + c**4/12 + 34*c**3/3 + 21*c**2. Let r(w) be the first derivative of l(w). Determine r(-5).
-3
Let p(y) = y - 11. Suppose 17 = 5*j - 73. Let w be (4 - j/4)/(4/(-72)). Calculate p(w).
-2
Let k(f) = f**2 - 5*f - 2. Let j = 0 + -32. Let g be (-56)/j + 1/4. Suppose 0 = 4*n - 14 - g. What is k(n)?
-6
Let k(g) be the second derivative of -1/20*g**5 + 0*g**4 + 0 - g**2 + 137*g + 0*g**3. What is k(0)?
-2
Suppose -3 = -3*h - x, 1 - 4 = x. Suppose -3*v = 2*a - 19, 0*v = h*a - v - 31. Let z(m) = m**3 - 13*m**2 - 14*m - 3. What is z(a)?
-3
Suppose 64 - 61 + 75 = -78*w. Let r(a) = 151*a + 148. Determine r(w).
-3
Let b = 41 - 36. Let r(l) = 4*l - 2*l - 6*l + 2*l**2 + 0*l - b. Suppose -y + 4*z - 4 = 0, 3*y - 5 + 3 = 5*z. What is r(y)?
11
Suppose -5*r = 6*h - h - 10, -2*r = -4*h - 34. Suppose r*s - 8*s = 5. Let w(p) = p**2 + 6*p - 4. Determine w(s).
-9
Let l(y) = 691*y + 34. Let k(f) = 384*f + 17. Let o(a) = 9*k(a) - 5*l(a). Suppose 0 = -3*i + 4*c + 16, 3*i + 5*c + 5 = -15. Determine o(i).
-17
Suppose -3*u = u - 8. Suppose 5*h - u*h - 3 = 0. Suppose -r = 6 + h. Let k(f) = -f - 3. Calculate k(r).
4
Let q(t) = -63 - 5805*t**3 + 2*t + 65 + 4*t**2 + 5806*t**3. Let j = -8 - -5. Give q(j).
5
Let l(a) = a**2 - a + 127. Let d(p) = -9*p**2 + 10*p - 626. Let b(o) = -d(o) - 5*l(o). Calculate b(5).
66
Let x be ((-21)/(-6))/(-7)*38. Let q(b) = -29*b + 13. Let p(i) = -160*i + 65. Let g(a